- 1) + r - 538*-1 a prime number?
True
Let t = 1042820 - 550813. Is t a prime number?
True
Suppose 4*m - 9 = g, 18 + 25 = 5*g + 2*m. Is (g/6)/7 + (-257271)/(-18) a composite number?
False
Let q = 15082 + 12109. Is q a prime number?
True
Let b(r) = 7*r**3 - 31*r**2 + 51*r - 39. Let m be b(18). Let i = m - 14104. Is i prime?
False
Let m(j) = -9*j - 12. Let n be m(-2). Suppose 0 = 3*l - p - 922, 8*l + p = n*l + 613. Is l prime?
True
Let w = -3367 + 3371. Let r(c) be the third derivative of c**6/120 + c**4/8 - c**3/3 - c**2. Is r(w) composite?
True
Suppose -51*r + 57*r = 10362. Is 8 + (r + 0 - 0) composite?
True
Suppose -8*d + 3*d = -245. Let f = d + -43. Let n(g) = 2*g**3 + 2*g**2 - 6*g + 13. Is n(f) prime?
False
Suppose 28*x - 15*x = 10*x. Suppose 21*f - 2*f - 499795 = x. Is f a composite number?
True
Let f = -784 - -1448. Suppose 660*q = f*q - 3704. Is q a prime number?
False
Suppose 2*h + 3026 - 11680 = 0. Is h composite?
False
Let q = -304835 - -177847. Is q/56*-2 + 6/(-21) a composite number?
True
Let d be ((-2)/(-2))/((-2)/59574). Let h = 3129 + d. Is (2/4)/((-9)/h) a prime number?
True
Suppose -5*p - 15 = 0, -19 = -4*r + p - 4. Suppose 4*m + 323 = j, -15 = -r*m - 3. Is j prime?
False
Let v(y) = 3*y**3 - y**2 + y + 15. Let p be v(0). Suppose 4*n = 11*o - 14*o + 4789, -p = 3*o. Is n composite?
False
Let r = 31400 - 15095. Suppose 0*x - x = -z + 3261, -5*z + r = -2*x. Is z a prime number?
False
Let t = 10 + -7. Suppose -5*o = -2*o + t. Is ((1 - o) + 968)/2 a prime number?
False
Let u be (-13 - -573) + 0 + 1. Let n(f) = u + 4*f - 2*f + 688. Is n(0) a prime number?
True
Suppose 0 = 235*x - 225*x - 109070. Let j be ((-13922)/4)/((-2)/(-4)). Let b = j + x. Is b a composite number?
True
Suppose o - 429 = -z + 272, -701 = -o - 2*z. Is o a composite number?
False
Let y be 1/(-1) + 9 + 14 + -17. Suppose 4*j - 15610 = -y*c, 7*c + j - 15595 = 2*c. Suppose 0 = 2*m - 0*m - c. Is m a composite number?
False
Suppose 0 = 5*x + 2*b - 27282, 8*x - 3*x - 27270 = -5*b. Is x a prime number?
False
Let g(m) = -m**3 + 11*m**2 + 10*m + 24. Let v = 134 + -122. Let n be g(v). Suppose n = 23*w - 14*w - 2385. Is w composite?
True
Is 23/((-543200)/(-60355) - (10 + -1)) prime?
False
Let t be (-1 + 4 + -2)*11. Suppose 10*u = t*u - 5. Suppose -597 = u*v - 8*v. Is v prime?
True
Is (-22)/26 + 1 + 19020654/234 + -14 prime?
False
Let q = 1028409 - 13546. Is q prime?
True
Suppose 4*c - 174 = 2*s, 0 = -5*c + 36*s - 35*s + 213. Suppose c*r = 38*r + 7876. Is r a prime number?
False
Let h(x) = -x + 27 - 58 + 31 + 10*x**3 + 2*x**2. Let r be h(-2). Let t = 1509 + r. Is t composite?
False
Suppose -2*g + 3*a = -81374, 533*a = -4*g + 534*a + 162768. Is g composite?
False
Let g(c) = -1358*c**3 + 3*c**2 + 5. Let o be g(4). Let n = -61162 - o. Is n prime?
False
Suppose -18 = -5*r - 0*c + c, 5*r - 28 = -4*c. Let i(q) = -5*q**2 + 25*q**2 - 13 - 22*q + 28*q. Is i(r) a composite number?
False
Suppose -24*p + 5240918 = 22*p. Is p a prime number?
True
Is (-28)/8*(3 + (-6)/84*393046) composite?
False
Let j = 58 + -43. Is -6 - (-6835)/j*3 prime?
True
Suppose -z - 4*b = -85857, 13*b = -4*z + 16*b + 343352. Suppose 0 = 2*c - s - 85851, -8*s + 9*s - z = -2*c. Is c composite?
False
Let j = 1168 + 2913. Suppose 27*h - j = 20*h. Is h a composite number?
True
Let s = -71 + 88. Suppose 3*c - 4*u = -3*u + s, 0 = -c + 3*u + 11. Suppose c*h - 2322 = 1133. Is h a prime number?
True
Suppose 0 = 6*v - 25 + 7. Suppose -2*r = 0, v*q - 5*r - 25448 - 23671 = 0. Is q a composite number?
True
Suppose 2*d - 4*d - d + 62481 = 0. Is d prime?
False
Let z be -143*(-113 - 2) + 3. Let r = 79 - 74. Suppose 4*n - 3*g = z, r*n + 0*n - 3*g = 20557. Is n prime?
False
Let y = -9238 - -12663. Suppose 2*i - 4 = -10, 4*i - 5292 = 4*h. Let a = h + y. Is a composite?
False
Let z be (6 + -3 - -3) + 6. Suppose 3*l + z*u - 16*u = 19383, 0 = 4*l + u - 25825. Is l prime?
False
Let a(m) = 35*m**2 - 42*m + 132. Is a(-17) a prime number?
False
Let j(s) = -56*s**2 + 24*s + 403345. Is j(0) composite?
True
Is 4/(-30) + 24/(-270) - 3092375/(-495) a composite number?
False
Suppose 4*a - n = -4 + 30, n = -2. Let w be (a/(-4))/(12/(-56)). Is 2/(-5 + w) - (-2 - 1210) a prime number?
True
Let v(h) = 172*h - 39. Let m be v(-4). Let z = m - -1494. Is z a composite number?
True
Let i(r) = 143*r**2 + r + 1. Let l = -63 + 62. Let t be i(l). Let d = 58 + t. Is d a prime number?
False
Suppose 0 = 36*s - 2640398 - 7002454. Is s a prime number?
True
Let q be 23130/8 - 4/((-144)/(-9)). Let s = q - 582. Is s a composite number?
False
Suppose -4*r - 5*m + 2 = -23, 2*m - 2 = 0. Suppose -19 = -z + 5*q, 3*z - r*z + q = -2. Is (-736)/(-28) - z*(-2)/7 a prime number?
False
Let s be (15626*9/6)/(6/4). Suppose -5*d + s = 4951. Suppose 5*a - 3541 = 2*l, -3*a - 3*l + d = l. Is a a composite number?
False
Let y(b) = 4069*b**2 + 75*b + 45. Is y(22) a composite number?
False
Let y(z) = 56*z**2 + 11*z + 7. Let x be y(5). Let r = 2 + 2. Suppose 3*m = -b + x, -3*m = -r*b - 4*m + 5903. Is b a composite number?
True
Let v(w) = -1. Suppose -7 = 4*r + 1. Let g(i) = 81*i - 22. Let j(b) = r*v(b) + g(b). Is j(9) composite?
False
Suppose 12*s - 4*s - 24 = 0. Suppose 6 = -h + s*h. Suppose -h*b + b = -2506. Is b composite?
True
Let s = 25 - 5. Let j = -7 + s. Suppose -486 = -q - j. Is q prime?
False
Suppose 13 = 35*z - 36*z. Is ((-2)/(-6))/(2/(-1432626)*z) prime?
True
Let m(o) = 3*o - 16. Let r be m(7). Suppose 4*y - 17 = -r. Suppose -4*a = a - y*v - 14410, 3*a = -v + 8660. Is a composite?
True
Let s(p) = 3*p**3 + 3*p**2 - p - 1. Let i be s(-5). Let q = i + 2243. Suppose 0 = 5*u - q - 968. Is u a prime number?
False
Let f = 876754 - 568343. Is f a prime number?
True
Let t = 77 - -7. Suppose 0 = -41*z + 38*z + t. Is 1477/z - (-2)/8 a composite number?
False
Let k = 9 + -9. Suppose k = -3*g + 23 - 14. Suppose 763 = 4*c - g*t, c - 59 = -4*t + 108. Is c a prime number?
False
Suppose 4 = -p - p. Let l be (6 + p)/(2/323). Is (45/3)/5 + l composite?
True
Is (2 + (-1 - 1204420))/((-8)/(328/123)) composite?
False
Let n(p) = -119*p**2 - 11*p - 47. Let w be n(-8). Let d be (-2)/4 + 2 - w/2. Suppose -5*k - 3757 = 2*m - 5*m, 3*m + 3*k = d. Is m a prime number?
True
Suppose 165 = -25*i - 85. Is (i/3)/(32/(-48)) + 4832 prime?
False
Let x(w) = -w**2 - 16*w - 14. Let g be x(-11). Suppose 43*y = g*y + 3846. Is y a composite number?
True
Let h = 394 - 842. Let j = -308 - h. Is 84/j - (-31624)/10 a prime number?
True
Let w(q) = 110*q**2 + 8*q + 16. Let i be w(-3). Suppose 0 = -10*y + 23852 - i. Is y composite?
False
Let v be 2757*((-45)/(-27))/5. Suppose 9*f - v = 8*f. Is f prime?
True
Let w(o) = -2*o + 7. Let h be w(8). Is 2 + (43640 - 2 - h) a prime number?
True
Suppose 5*u = -o + 233962, -o + 5*u - 9*u = -233955. Is o prime?
False
Let r be (-467)/7 - 8/28. Let o = 78 + r. Suppose -698 = -o*b + 171. Is b prime?
True
Let r be (1*6/1)/((72/327)/(-12)). Suppose 0 = m - 141 - 703. Let g = m - r. Is g a prime number?
True
Is 52971/(-6)*(-1 - 1) a prime number?
True
Suppose 8*u - 10*u = -17226. Let g = u - 5579. Let i = g + -1853. Is i prime?
True
Let n be -11 + 23 - (-3 - 304). Let o be 2/2*-221 + -1. Let j = o + n. Is j composite?
False
Suppose t = 3*f - 332853 - 117659, -2*f + t = -300343. Is f prime?
True
Let w(j) = -6*j + 3. Let z be w(-3). Suppose -z*p + 77788 = -5078. Is p prime?
False
Suppose 13*i = 2*i + 33. Suppose 0 = k + i*k - 4192. Suppose 143*a + k = 147*a. Is a composite?
True
Let j(l) = -l**3 - 3*l**2 - 2*l. Let z be j(-3). Suppose -f = -o - 2*f + 6, 3*o = 3*f - z. Is (1/o)/((-9)/(-2682)) composite?
False
Let v(n) = 19*n + 5186. Let a be v(0). Let b = 8752 - a. Is b prime?
False
Let k be ((-5)/(10/18) - -6) + 4. Is (-26 - -259)/(k/13) composite?
True
Let r(v) = -3*v + 5. Let g be r(-5). Let n be 4/10 + 3772/g. Suppose -q + n = 26. Is q prime?
True
Suppose 43*g - 11533123 = 60580242. Is g composite?
True
Suppose -m + 40 = 19*m. Suppose a + m*a = 4*f + 20121, -6726 = -a - 5*f. Is a a prime number?
False
Let g = -2299 + 1923. Suppose -s - 3*s = -2*a + 1550, -4*s + 3931 = 5*a. Let b = g + a. Is b a prime number?
False
Suppose 341000 = -8*y + 16*y. Suppose 52817 = u + 5*m, -4*u + 168593 + y = -5*m. Is u composite?
False
Let q = -4 + 6. Let s(i) = -19*i**2 + 3*i - 2. Let b be s(q). Is (240/b)/(-1 